f a?
2
Let j(b) = 40*b**2 - 4*b - 343. What is the ten thousands digit of j(-21)?
1
Let k = 9850 + -3179. What is the hundreds digit of k?
6
Suppose -15*t + 6 = -13*t. Suppose -t*n + 6 + 12 = 0. Suppose -n*g = -2*g - 308. What is the tens digit of g?
7
Let d = -1204 - -28532. What is the tens digit of d?
2
Let t be (5/(-2))/((-2)/4). Suppose -11*c - 1504 = -1526. Suppose c*h - 64 = -4*g, g = -0*g + t*h + 5. What is the tens digit of g?
1
Let o(k) = -k - 15 + 5*k + 2*k**2 + 2*k + 19. Let u be o(-2). Suppose 3*z + z - 684 = u. What is the tens digit of z?
7
What is the units digit of (7 - 5)/(8/2332)?
3
Let x be 1 + 6/(-30) + 4376/5. What is the hundreds digit of (x/48)/(-2*2/(-112))?
5
Let y be 4 - (1 + 1 + 0). Let r(i) = -3 - 4 + 234*i - 204*i - 1. What is the tens digit of r(y)?
5
Let t = -14 + 8. Let n(f) = -4*f - 18. Let y be n(t). What is the units digit of (-5)/(-4 + 21/y)?
0
Let g(u) = 614 - 5*u + 96 - 3*u + 388 + 9*u. What is the hundreds digit of g(0)?
0
Let v(q) = 493*q + 13. Let y be 1/((-5)/1) + 11/5. What is the tens digit of v(y)?
9
Let s(w) be the third derivative of -1/6*w**4 + 11/60*w**5 - 26*w**2 + 0*w + 1/6*w**3 + 0. What is the units digit of s(2)?
7
Let i(r) = 4*r + 34. Let j be i(-9). What is the tens digit of (-3 - j)*3395/(-7)?
8
Suppose 3*z = -2*r + 125986, 41*r - 40*r - 62967 = 5*z. What is the units digit of r?
7
Suppose -5*f = 5*t - 15, 5*f + t - 18 = -3. Suppose f*q - n + 20 = 0, -q + 3*n = -4*q. Let y(s) = -s**3 - 4*s**2 + 2*s - 3. What is the units digit of y(q)?
2
Let q be (-8340)/(-16) + (17/(-4) - -4). Suppose 4*a + 3*t = -1485, 0*a - 1111 = 3*a + 5*t. Let k = a + q. What is the hundreds digit of k?
1
Suppose -13*j = 2*j - 132*j + 28314. What is the tens digit of j?
4
Suppose -40*t - 33307 = -101627. What is the tens digit of t?
0
What is the hundreds digit of (-40)/(-30) - (17/3*-2731 - -3)?
4
Let d(s) = 105*s + 1. Let i be d(-6). Let a = -230 - i. What is the units digit of a?
9
Suppose 0 = 6*d - 61 - 137. Suppose d = -3*p - 5*x + 5, -4*p - 18 = -3*x. What is the hundreds digit of p/(-14) - ((-858)/7 + 1)?
1
Let o = 18346 - 8460. What is the tens digit of o?
8
Let n = -116767 + 166858. What is the units digit of n?
1
Let p(u) = 2*u - 4. Let a be p(3). Let m = a + 58. Suppose -m = -8*s + 2*s. What is the tens digit of s?
1
What is the tens digit of 134616/(-1420)*(-110)/6?
3
Let m(t) = 17 - 8 + t + 0. Let c be m(-7). Suppose 295 = c*f + 43. What is the tens digit of f?
2
What is the hundreds digit of 50192/(7/((-147)/(-42)))?
0
Let n = 309 + -64. Suppose n = -5*i - 2*a, 4*a + a = -3*i - 147. Let o = 113 + i. What is the units digit of o?
4
Let m(w) be the third derivative of w**4/4 - w**3/3 - 15*w**2. Let t be m(1). Let z = 68 + t. What is the tens digit of z?
7
Let g(l) = -78*l + 128. Let x be g(-29). Suppose 494 - x = -f. What is the tens digit of f?
9
Let m(b) = b**3 - 20*b**2 + 35*b + 20. Let a be m(18). Suppose 2*c = a*u + 1022, -c - 4*u + 296 = -205. What is the units digit of c?
9
Let n(d) = 3*d**2 + 2*d**2 + 4*d**2. Suppose -3*o - 5*a + 28 = 0, -2*o = -7*o - 5*a + 30. What is the units digit of n(o)?
9
Let b(y) = y + 63. Suppose 0 = 5*i + 8 - 23, -15 = -3*w + 5*i. Suppose -w = v + 5*c, 109 = -v - 3*v + 3*c. What is the units digit of b(v)?
8
Suppose -3*l - 99*l + 1784388 = 0. What is the thousands digit of l?
7
Let n(z) = -41*z**3 - 29*z**2 + 3*z - 68. What is the tens digit of n(-9)?
4
Suppose -56 = -12*d - 16*d. Suppose -4*b + 2*x + 2194 = 0, -2*x - 596 + 1678 = d*b. What is the tens digit of b?
4
Suppose -5*l + 39 = -3*y, l - 11*y = -16*y - 9. Let i(n) = n**3 + 2*n**2 - 12*n + 6. What is the units digit of i(l)?
2
Let z = -275 - -300. Suppose -z*a + 17*a = -2512. What is the hundreds digit of a?
3
Let o be (-8)/(72/(-27)) + (1 - -36). Let d = -58 + 152. Suppose -m = -o - d. What is the tens digit of m?
3
Let a = 2527 + -290. What is the thousands digit of a?
2
Suppose -l = -3*i + 226119, 265766 - 39656 = 3*i - 4*l. What is the units digit of i?
4
Let u(z) = 20*z + 3. Let o be u(9). Let p = o + -127. What is the units digit of p?
6
Suppose r + 73321 = 8*n - 3*n, 4*n - 58664 = 2*r. What is the units digit of n?
3
Suppose -4*v + q = -97, -4*q - 51 = -2*v - 3*q. Suppose -2*r + 6 = -6*r - 2*n, 4*r - 3 = n. What is the tens digit of 0 + (v - 1*(1 - r))?
2
Let h be 13386/18 - (21/9)/(-7). Suppose -92*z - h = -96*z. What is the tens digit of z?
8
Let t = 161 - 164. What is the tens digit of 19792/48 - (2/t - -1)?
1
Let v = 88 + -71. Suppose v*j = 22*j - 590. What is the hundreds digit of j?
1
Suppose -35420 = -4*v + 3*r, -2*r - 3742 = v - 12597. What is the hundreds digit of v?
8
Suppose i - 2*y - 9996 = 0, 8*y - 9*y + 39993 = 4*i. What is the hundreds digit of i?
9
Let i be ((-8)/(-20))/(4/340). Let t = i + -30. Suppose -5*k + 110 = -2*a, -t*k + a + 63 = -22. What is the tens digit of k?
2
Let m = 256 - 254. Suppose 5*i = -5*j + 1335, -146 - 364 = -m*j + 4*i. What is the tens digit of j?
6
Let f be ((-1)/(-6)*-2)/((-2)/894). Suppose -3*v = 4*w - 0*w - f, -15 = -3*w. Let c = 119 - v. What is the tens digit of c?
7
Suppose 4*f + 10 = o, -4*o - 25*f + 20*f + 19 = 0. Suppose -2*y = -3*t - 4*y + 503, 0 = 3*y + o. What is the hundreds digit of t?
1
What is the units digit of (9168 - -22) + 2 + 5?
7
Let q = 444 - 743. Let f = q - -1004. What is the tens digit of f?
0
Let q(w) = 44*w**2 + 116*w + 121. What is the tens digit of q(10)?
8
Let y(q) = -3*q**3 - 16*q**2 - 2*q + 25884. What is the tens digit of y(0)?
8
Suppose -210 = -9*p + 456. Suppose 0 = 5*h - d - p - 1186, h = -5*d + 226. What is the hundreds digit of h?
2
Let d(n) = -201*n + 151. Let x be d(5). Let c = 960 + x. What is the hundreds digit of c?
1
Suppose 0 = -152*w + 188*w - 149040. What is the hundreds digit of w?
1
Let n = 168 + -496. Let a = n - -534. What is the units digit of a?
6
Let m = -19657 - -38634. What is the thousands digit of m?
8
Let a(z) = -z**3 - 24*z**2 + z + 23. Let t be a(-24). What is the hundreds digit of (64/(-160))/(((-1)/(-2575))/t)?
0
Suppose -8*u + 2037 = -83867. What is the tens digit of u?
3
Suppose 124*w - 78*w = 59*w - 250926. What is the units digit of w?
2
Let j = 367 - 364. Suppose -3*y + 4*p = 5*p - 3093, p = j. What is the hundreds digit of y?
0
Suppose 124*h + 5*t + 50402 = 127*h, 0 = -5*h - 2*t + 84055. What is the hundreds digit of h?
8
Let s = -11783 + 19919. What is the units digit of s?
6
Let m(k) = -4*k + 1909. What is the hundreds digit of m(18)?
8
Suppose 3564 = 8*q + q. Suppose -4*s - q = -22*s. What is the tens digit of s?
2
Suppose 138 = 3*g + a, -3*g - 2*a = 86 - 227. What is the tens digit of ((-54)/g)/((-3)/1095)?
3
Let a be -3*((-2)/(-5))/((-10)/50). Let g be a/(-2) - -3 - -1. Suppose u + g = 125. What is the hundreds digit of u?
1
Suppose -2*b = 5*p - 318271, 57*p - 56*p - b - 63657 = 0. What is the tens digit of p?
5
Let y(g) = 340*g - 377. What is the units digit of y(3)?
3
Suppose 17*n = 86535 + 471. What is the units digit of n?
8
Let v(c) be the second derivative of 0 + 7/12*c**4 - 1/20*c**5 - 4*c**2 + 7*c + 1/3*c**3. What is the units digit of v(7)?
6
Let s(m) = 19*m**2 + 10*m + 112. Let z(b) = 35*b**2 + 20*b + 224. Let i(o) = -11*s(o) + 6*z(o). What is the tens digit of i(-11)?
2
Suppose -5*w + 524 = -1516. Suppose 15*x = w + 1182. What is the tens digit of x?
0
Let z = 174 + -188. What is the units digit of 41/(((-2)/(-28))/((-4)/z))?
4
Let l = 9311 - 14635. What is the tens digit of l/(-18) - 7/((-441)/14)?
9
Suppose -100*c + 15 = -97*c. Suppose m - 4*n = 295, -3*m + c*n + 877 = n. What is the tens digit of m?
9
Suppose -3 = 8*m - 11*m. Let g(k) = 5 - 1 + m + k. What is the tens digit of g(12)?
1
Let t(q) = 13*q**3 + 9*q**2 - 45*q + 178. What is the ten thousands digit of t(15)?
4
Suppose -2*u + 3*j + 46773 = u, 5*u + 5*j - 77975 = 0. Suppose -2035 - u = -13*g. Suppose -5*x + 4*y + g = y, -5*y = -3*x + 820. What is the tens digit of x?
7
Let c(n) = -n**3 + 6*n**2 + 8*n - 3. Let x be c(7). Suppose 5*v - 778 - 298 = -2*m, x*m - 2152 = 3*v. What is the hundreds digit of m?
5
Suppose x = 5*m + 5592, -2*m = 204*x - 207*x + 16789. What is the tens digit of x?
9
Suppose 4432 = 13*w - 3251. Suppose -2*a + w = -2*h + 5*h, -h + 202 = -a. What is the hundreds digit of h?
1
Let y be ((-202)/10 -